{"id":4,"date":"2011-10-03T12:18:13","date_gmt":"2011-10-03T10:18:13","guid":{"rendered":"https:\/\/kolborshult.de\/?page_id=4"},"modified":"2021-09-06T12:57:29","modified_gmt":"2021-09-06T10:57:29","slug":"ferienhaus-schweden-privat","status":"publish","type":"page","link":"https:\/\/kolborshult.de\/","title":{"rendered":"Ferienhaus in Schweden direkt an eigenem See"},"content":{"rendered":"<p>Als etwas ganz Einzigartiges geh\u00f6rt zu dem Haus auf dem <span style=\"line-height: 24px;\">87.000 m2\u00a0<\/span>gro\u00dfen Grundst\u00fcck ein\u00a0<strong>eigener See<\/strong>.\u00a0<span style=\"line-height: 24px;\">Dar\u00fcber hinaus grenzt das Grundst\u00fcck einen halben Kilometer lang an den reizvollen\u00a0<\/span>Helge\u00e5<span style=\"line-height: 24px;\">.\u00a0<\/span>Die gesamte Umgebung ist ungest\u00f6rt und bietet Ruhe und Entspannung. Hier kann man sich ungeniert sonnen, in den Seen baden und alleine Angeln. Boot und Kanu stehen zur Verf\u00fcgung.\u00a0Das 140 m2\u00a0gro\u00dfe Haus\u00a0mit Sauna liegt in Smaland, 10\u00a0Autominuten von\u00a0\u00c4lmhult entfernt.<\/p>\n<p><a href=\"https:\/\/kolborshult.de\/wp-content\/uploads\/2018\/05\/Urlaub-in-Schweden-am-See.jpg\"><img loading=\"lazy\" class=\"alignleft size-full wp-image-451\" src=\"https:\/\/kolborshult.de\/wp-content\/uploads\/2018\/05\/Urlaub-in-Schweden-am-See.jpg\" alt=\"\" width=\"1200\" height=\"800\" srcset=\"https:\/\/kolborshult.de\/wp-content\/uploads\/2018\/05\/Urlaub-in-Schweden-am-See.jpg 1200w, https:\/\/kolborshult.de\/wp-content\/uploads\/2018\/05\/Urlaub-in-Schweden-am-See-300x200.jpg 300w, https:\/\/kolborshult.de\/wp-content\/uploads\/2018\/05\/Urlaub-in-Schweden-am-See-768x512.jpg 768w, https:\/\/kolborshult.de\/wp-content\/uploads\/2018\/05\/Urlaub-in-Schweden-am-See-1024x683.jpg 1024w\" sizes=\"(max-width: 706px) 89vw, (max-width: 767px) 82vw, 740px\" \/><\/a><\/p>\n<p><a href=\"https:\/\/kolborshult.de\/wp-content\/uploads\/2018\/05\/Ferienhaus-Schweden-am-See-alleinlage-1.jpg\"><img loading=\"lazy\" class=\"alignleft size-full wp-image-453\" src=\"https:\/\/kolborshult.de\/wp-content\/uploads\/2018\/05\/Ferienhaus-Schweden-am-See-alleinlage-1.jpg\" alt=\"\" width=\"1200\" height=\"800\" srcset=\"https:\/\/kolborshult.de\/wp-content\/uploads\/2018\/05\/Ferienhaus-Schweden-am-See-alleinlage-1.jpg 1200w, https:\/\/kolborshult.de\/wp-content\/uploads\/2018\/05\/Ferienhaus-Schweden-am-See-alleinlage-1-300x200.jpg 300w, https:\/\/kolborshult.de\/wp-content\/uploads\/2018\/05\/Ferienhaus-Schweden-am-See-alleinlage-1-768x512.jpg 768w, https:\/\/kolborshult.de\/wp-content\/uploads\/2018\/05\/Ferienhaus-Schweden-am-See-alleinlage-1-1024x683.jpg 1024w\" sizes=\"(max-width: 706px) 89vw, (max-width: 767px) 82vw, 740px\" \/><\/a><\/p>\n<div><\/div>\n<p>Klicken, um ein Drohnenvideo und ein Haus-Pr\u00e4sentation (YouTube videos) zu sehen:<br \/>\n<!-- how to make responsive found in this blog: http:\/\/cwestblog.com\/2017\/12\/11\/responsive-youtube-embed\/ --><br \/>\n<!-- copy everything below to embed Youtube video as responsive --><\/p>\n<div style=\"position: relative; padding-bottom: 56.25%;\"><iframe loading=\"lazy\" style=\"position: absolute; top: 0; left: 0; width: 100%; height: 100%;\" src=\"https:\/\/www.youtube.com\/embed\/k5q4oSJGaBA?start=0&amp;rel=0&amp;showinfo=0\" width=\"300\" height=\"150\" frameborder=\"0\" allowfullscreen=\"allowfullscreen\"><span data-mce-type=\"bookmark\" style=\"display: inline-block; width: 0px; overflow: hidden; line-height: 0;\" class=\"mce_SELRES_start\">\ufeff<\/span><\/iframe><\/div>\n<p><!-- how to make responsive found in this blog: http:\/\/cwestblog.com\/2017\/12\/11\/responsive-youtube-embed\/ --><br \/>\n<!-- copy everything below to embed Youtube video as responsive --><\/p>\n<div style=\"position: relative; padding-bottom: 56.25%;\"><iframe loading=\"lazy\" style=\"position: absolute; top: 0; left: 0; width: 100%; height: 100%;\" src=\"https:\/\/www.youtube.com\/embed\/035-tkW1m7o?start=0&amp;rel=0&amp;showinfo=0\" width=\"300\" height=\"150\" frameborder=\"0\" allowfullscreen=\"allowfullscreen\"><span data-mce-type=\"bookmark\" style=\"display: inline-block; width: 0px; overflow: hidden; line-height: 0;\" class=\"mce_SELRES_start\">\ufeff<\/span><\/iframe><\/div>\n<div><\/div>\n<h1>Weiteres Wissenswertes \u00fcber unser Ferienhaus in\u00a0Schweden<\/h1>\n<p>Das 140 m2 gro\u00dfe rote Holzhaus wurde im Jahre 2003 ganz in der Tradition alter schwedischer H\u00e4user gebaut. Es gibt 6 Schlafpl\u00e4tze und den Luxus aller modernen Bequemlichkeiten. Es ist f\u00fcr den ganzj\u00e4hrigen Gebrauch isoliert und hat elektrische Heizung und einen Ofen. Die Sauna bietet Platz f\u00fcr 4 Personen und wird mit Holz beheizt.<\/p>\n<p>Die 60 m2 gro\u00dfe Terrasse geht nach S\u00fcden und Westen. Im Sommer hat man von morgens um 10 Uhr bis sp\u00e4t in den Abend hinein Sonne. Der breiteste Teil der Terrasse liegt direkt nach Westen mit Aussicht \u00fcber den See. Ein Nachmittag auf der Terrasse ist daher ein malerischer und friedvoller Genuss.<\/p>\n<p>Von dem Badesteg kann man fast das ganze Jahr \u00fcber ins Wasser baden, und hier kann man sich von mittags bis abends sonnen. Das Haus ist ohne Nachbarn so dass man v\u00f6llig ungest\u00f6rt sind und er ist daher auch f\u00fcr FKK bestens geeignet. Der Boden besteht aus fester Erde. Auch angeln kann man hier ganz hervorragend.<\/p>\n<p>Der Helge\u00e5 (auf Schwedisch: Helge \u00c5 = Helge Fluss) ist der gr\u00f6\u00dfte Fluss Schonens, der durch eine Reihe von Seen \u00f6stlich von \u00c4lmhult verl\u00e4uft. Das Grundst\u00fcck grenzt an zwei Seiten direkt an den Helge\u00e5, \u00fcber eine Strecke von etwa einem halben Kilometer. Durch Querverbindungen zwischen dem See und dem Helge\u00e5 wird dem See frisches Wasser zugef\u00fchrt. Es gibt es am Helge\u00e5 auch noch zwei Angelstege.<\/p>\n<p>In den Seen angelt sonst niemand, dort ist man ganz allein. Im Winter ist Eisfischen m\u00f6glich. Sowohl in unserem See als auch in der 500 meter langen Flussstrecke des Helge\u00e5, die an das Grundst\u00fcck grenzt, kann man ohne Angelkarte angeln.<\/p>\n<p>Die Umgebung bietet M\u00f6glichkeiten f\u00fcr sch\u00f6ne Wanderungen oder Spazierg\u00e4nge. Bei dieser Gelegenheit findet man dann auch die Pilze und Beeren der Saison \u2013 und ab und zu hat man auch das Gl\u00fcck, einem Elch zu begegnen. Und in \u00c4lmhult k\u00f6nnen Sie alles kaufen, was Sie brauchen.<\/p>\n<p><a href=\"https:\/\/kolborshult.de\/ferienhaus\">Haus<\/a><\/p>\n<p><a href=\"https:\/\/kolborshult.de\/die-vier-jahreszeiten\">Die vier Jahreszeiten<\/a><\/p>\n<p><a href=\"https:\/\/kolborshult.de\/angelurlaub-schweden\">Aktivit\u00e4ten<\/a><\/p>\n<p><a href=\"https:\/\/kolborshult.de\/schweden-ferienhaus-am-see\">Natur<\/a><\/p>\n<p><a href=\"https:\/\/kolborshult.de\/wp-content\/uploads\/2018\/05\/ferienhaus-schweden-privat.jpg\"><img loading=\"lazy\" class=\"alignleft size-full wp-image-461\" src=\"https:\/\/kolborshult.de\/wp-content\/uploads\/2018\/05\/ferienhaus-schweden-privat.jpg\" alt=\"\" width=\"1200\" height=\"800\" srcset=\"https:\/\/kolborshult.de\/wp-content\/uploads\/2018\/05\/ferienhaus-schweden-privat.jpg 1200w, https:\/\/kolborshult.de\/wp-content\/uploads\/2018\/05\/ferienhaus-schweden-privat-300x200.jpg 300w, https:\/\/kolborshult.de\/wp-content\/uploads\/2018\/05\/ferienhaus-schweden-privat-768x512.jpg 768w, https:\/\/kolborshult.de\/wp-content\/uploads\/2018\/05\/ferienhaus-schweden-privat-1024x683.jpg 1024w\" sizes=\"(max-width: 706px) 89vw, (max-width: 767px) 82vw, 740px\" \/><\/a><\/p>\n<h1>Das Ferienhaus in Schweden &#8211; unsere Geschichte<\/h1>\n<p>1999 haben wir das gro\u00dfe Grundst\u00fcck gekauft. Der ehemalige Besitzer hatte es zum Jagen und Angeln benutzt, w\u00e4hrend er sich um die Baugenehmigung zum Bau eines Hauses bem\u00fchte. Erst nach 15 Jahren erhielt er von der Gemeinde \u00c4lmhult die Genehmigung, aber zu diesem Zeitpunkt hatte er ein anderes Haus gebaut; also entschied er sich, das Grundst\u00fcck zu verkaufen, anstatt sein Traumhaus dort zu errichten.<\/p>\n<p>Als wir das Grundst\u00fcck sahen, waren wir sofort total von der wunderbaren Natur und der einsamen Lage am See begeistert. Einen eigenen See ohne Nachbarn zu besitzen &#8211; das war ein Traum!<\/p>\n<p>Dann begann der Prozess des Planens und Zeichnens unseres neuen Hauses in Schweden. Wir wollten ein klassisches Schwedenhaus bauen, das wir f\u00fcr den Urlaub in Schweden nutzen konnten &#8211; oder auch nur, um am Wochenende dem Alltag zu entfliehen. Wir hatten selbst schon \u00f6fter Ferien in exklusiven Ferienh\u00e4usern gemacht, und diese inspirierten uns zur Einrichtung unseres eigenen Luxusferienhauses: es sollte auch f\u00fcr den strengsten Winter hinreichend isoliert sein und in jeder Hinsicht den Anforderungen eines modernen Hauses entsprechen, inklusive einer voll ausgestatteten K\u00fcche, sch\u00f6nem Badezimmer mit Fu\u00dfbodenheizung, Sauna und einer gro\u00dfen S\u00fcd- und Westterrasse.<\/p>\n<p>Wir wollten das Gef\u00fchl eines Hauses am See so ausgiebig wie m\u00f6glich geniessen, also haben wir das Haus so dicht wie m\u00f6glich am Wasser gebaut. Um die ganze Familie unterzubringen (wir haben vier Kinder), haben wir das Haus mit drei Schlafzimmern und 6 Schlafstellen ausgestattet.<\/p>\n<p>Wir lieben es, hier zu sein und alle Jahreszeiten zu genie\u00dfen. Den sch\u00f6nen wei\u00dfen Winter, in dem der See zufriert und Sie es sich drinnen am Kamin gem\u00fctlich machen k\u00f6nnen, den Fr\u00fchling, in dem alles gr\u00fcnt und bl\u00fcht und die V\u00f6gel zur\u00fcckkehren und singen, den Sommer, in dem Sie schwimmen und sich sonnen und die meiste Zeit im Freien verbringen k\u00f6nnen \u2013 und den Herbst mit seiner Farbenpracht, mit dem Sammeln von Pilzen und Beeren und oft noch mit sch\u00f6nen warmen Tagen.<\/p>\n<p>Allen Jahreszeiten gemein ist das Gef\u00fchl von Ruhe, Landschaft, Entspannung und Zeit f\u00fcreinander. Zu jeder Jahreszeit genie\u00dfen wir unsere Lieblingswanderungen, gefolgt von einem Gang in die Sauna und vielleicht einem Eintauchen in den See.<\/p>\n","protected":false},"excerpt":{"rendered":"<p>Als etwas ganz Einzigartiges geh\u00f6rt zu dem Haus auf dem 87.000 m2\u00a0gro\u00dfen Grundst\u00fcck ein\u00a0eigener See.\u00a0Dar\u00fcber hinaus grenzt das Grundst\u00fcck einen halben Kilometer lang an den reizvollen\u00a0Helge\u00e5.\u00a0Die gesamte Umgebung ist ungest\u00f6rt und bietet Ruhe und Entspannung. Hier kann man sich ungeniert sonnen, in den Seen baden und alleine Angeln. Boot und Kanu stehen zur Verf\u00fcgung.\u00a0Das 140 &hellip; <\/p>\n<p class=\"link-more\"><a href=\"https:\/\/kolborshult.de\/\" class=\"more-link\">Continue reading<span class=\"screen-reader-text\"> &#8220;Ferienhaus in Schweden direkt an eigenem See&#8221;<\/span><\/a><\/p>\n","protected":false},"author":1,"featured_media":0,"parent":0,"menu_order":0,"comment_status":"closed","ping_status":"closed","template":"","meta":{"_monsterinsights_skip_tracking":false,"_monsterinsights_sitenote_active":false,"_monsterinsights_sitenote_note":"","_monsterinsights_sitenote_category":0},"_links":{"self":[{"href":"https:\/\/kolborshult.de\/index.php?rest_route=\/wp\/v2\/pages\/4"}],"collection":[{"href":"https:\/\/kolborshult.de\/index.php?rest_route=\/wp\/v2\/pages"}],"about":[{"href":"https:\/\/kolborshult.de\/index.php?rest_route=\/wp\/v2\/types\/page"}],"author":[{"embeddable":true,"href":"https:\/\/kolborshult.de\/index.php?rest_route=\/wp\/v2\/users\/1"}],"replies":[{"embeddable":true,"href":"https:\/\/kolborshult.de\/index.php?rest_route=%2Fwp%2Fv2%2Fcomments&post=4"}],"version-history":[{"count":70,"href":"https:\/\/kolborshult.de\/index.php?rest_route=\/wp\/v2\/pages\/4\/revisions"}],"predecessor-version":[{"id":736,"href":"https:\/\/kolborshult.de\/index.php?rest_route=\/wp\/v2\/pages\/4\/revisions\/736"}],"wp:attachment":[{"href":"https:\/\/kolborshult.de\/index.php?rest_route=%2Fwp%2Fv2%2Fmedia&parent=4"}],"curies":[{"name":"wp","href":"https:\/\/api.w.org\/{rel}","templated":true}]}}